0
What is the ten thousands digit of 63464293?
6
What is the units digit of 27732951?
1
What is the hundreds digit of 800042556?
5
What is the ten thousands digit of 217535421?
3
What is the hundred thousands digit of 337358209?
3
What is the hundred millions digit of 3608471656?
6
What is the thousands digit of 387466722?
6
What is the hundred thousands digit of 1618444037?
4
What is the units digit of 6036980088?
8
What is the billions digit of 3393345569?
3
What is the units digit of 150383880?
0
What is the units digit of 1192940919?
9
What is the hundred millions digit of 1000731257?
0
What is the hundred thousands digit of 220282185?
2
What is the tens digit of 287888933?
3
What is the tens digit of 243332351?
5
What is the thousands digit of 269747356?
7
What is the tens digit of 1113289738?
3
What is the millions digit of 678866587?
8
What is the millions digit of 37349168?
7
What is the hundreds digit of 1677292183?
1
What is the hundred thousands digit of 620577089?
5
What is the ten millions digit of 138155569?
3
What is the thousands digit of 162567801?
7
What is the units digit of 5718503080?
0
What is the hundreds digit of 64199023?
0
What is the hundreds digit of 162215680?
6
What is the hundreds digit of 758916120?
1
What is the units digit of 28324091?
1
What is the thousands digit of 367319520?
9
What is the ten millions digit of 41458789?
4
What is the hundreds digit of 106480979?
9
What is the hundreds digit of 56232251?
2
What is the hundreds digit of 66134465?
4
What is the millions digit of 54516727?
4
What is the hundred millions digit of 398030254?
3
What is the hundreds digit of 34919744?
7
What is the ten thousands digit of 61692510?
9
What is the ten millions digit of 523460919?
2
What is the hundred thousands digit of 52396865?
3
What is the hundreds digit of 5726944371?
3
What is the hundreds digit of 80353985?
9
What is the ten thousands digit of 129705143?
0
What is the hundred thousands digit of 2342314727?
3
What is the hundred thousands digit of 2538181348?
1
What is the ten millions digit of 152005743?
5
What is the thousands digit of 44187484?
7
What is the units digit of 19547219?
9
What is the thousands digit of 21183429?
3
What is the hundreds digit of 42540819?
8
What is the ten millions digit of 439759841?
3
What is the tens digit of 41876184?
8
What is the hundred thousands digit of 57459820?
4
What is the units digit of 45131425?
5
What is the thousands digit of 633698436?
8
What is the hundred thousands digit of 32668961?
6
What is the millions digit of 2992807164?
2
What is the units digit of 39682152?
2
What is the units digit of 5477780?
0
What is the ten thousands digit of 4490132?
9
What is the units digit of 45063324?
4
What is the ten millions digit of 405934162?
0
What is the millions digit of 31040522?
1
What is the units digit of 309325173?
3
What is the millions digit of 791328803?
1
What is the ten thousands digit of 35272843?
7
What is the hundreds digit of 683745696?
6
What is the hundred millions digit of 961292823?
9
What is the hundred thousands digit of 84179526?
1
What is the units digit of 145016559?
9
What is the hundred thousands digit of 500633974?
6
What is the tens digit of 1093475119?
1
What is the hundred thousands digit of 248558099?
5
What is the hundred millions digit of 1408315888?
4
What is the thousands digit of 1128458200?
8
What is the thousands digit of 134184942?
4
What is the tens digit of 753533513?
1
What is the units digit of 734459505?
5
What is the hundred thousands digit of 307400209?
4
What is the hundreds digit of 198195341?
3
What is the thousands digit of 23412344?
2
What is the millions digit of 58821409?
8
What is the units digit of 1878231323?
3
What is the hundreds digit of 73195097?
0
What is the ten thousands digit of 37474149?
7
What is the hundred thousands digit of 4994303931?
3
What is the units digit of 2892369854?
4
What is the tens digit of 64612892?
9
What is the units digit of 2842890026?
6
What is the hundred thousands digit of 2350834533?
8
What is the thousands digit of 302214764?
4
What is the millions digit of 102178037?
2
What is the ten millions digit of 34406470?
3
What is the units digit of 238509988?
8
What is the tens digit of 279139805?
0
What is the units digit of 77630381?
1
What is the millions digit of 1342875568?
2
What is the ten thousands digit of 619875191?
7
What is the thousands digit of 3760793061?
3
What is the hundred millions digit of 349662812?
3
What is the tens digit of 4957062011?
1
What is the thousands digit of 57594423?
4
What is the tens digit of 165830675?
7
What is the ten thousands digit of 2958875?
5
What is the hundred thousands digit of 141855176?
8
What is the hundred millions digit of 1923321236?
9
What is the millions digit of 72020202?
2
What is the millions digit of 352982103?
2
What is the hundred thousands digit of 248963003?
9
What is the millions digit of 873187390?
3
What is the ten millions digit of 264547031?
6
What is the ten millions digit of 215536680?
1
What is the hundreds digit of 7393895082?
0
What is the ten thousands digit of 1320582046?
8
What is the millions digit of 749862753?
9
What is the hundreds digit of 22209475?
4
What is the hundreds digit of 1836415141?
1
What is the units digit of 155242790?
0
What is the units digit of 2191364706?
6
What is the thousands digit of 221016396?
6
What is the ten thousands digit of 252987119?
8
What is the thousands digit of 12168448?
8
What is the hundreds digit of 6908268596?
5
What is the ten millions digit of 86117698?
8
What is the ten thousands digit of 832299619?
9
What is the hundred millions digit of 391687362?
3
What is the thousands digit of 76309199?
9
What is the millions digit of 34707993?
4
What is the hundred millions digit of 152567560?
1
What is the billions digit of 2363854854?
2
What is the units digit of 19517489?
9
What is the tens digit of 476252144?
4
What is the thousands digit of 1197157381?
7
What is the tens digit of 393987770?
7
What is the millions digit of 19059740?
9
What is the thousands digit of 3023265731?
5
What is the hundreds digit of 536111834?
8
What is the thousands digit of 41415698?
5
What is the units digit of 1506804412?
2
What is the thousands digit of 236848512?
8
What is the thousands digit of 838807035?
7
What is the ten millions digit of 2601877098?
0
What is the millions digit of 175993166?
5
What is the billions digit of 6644231114?
6
What is the hundreds digit of 1007867566?
5
What is the tens digit of 970643299?
9
What is the millions digit of 55884982?
5
What is the ten millions digit of 1235983599?
3
What is the hundred thousands digit of 770900469?
9
What is the hundred thousands digit of 7878547?
8
What is the hundreds digit of 35243701?
7
What is the tens digit of 1465551475?
7
What is the hundreds digit of 181236576?
5
What is the units digit of 48527976?
6
What is the hundred thousands digit of 452146708?
1
What is the thousands digit of 132010040?
0
What is the hundreds digit of 396826467?
4
What is the tens digit of 23592609?
0
What is the thousands digit of 6159779111?
9
What is the millions digit of 13802877?
3
What is the ten millions digit of 237022498?
3
What is the hundred thousands digit of 186893641?
8
What is the units digit of 50537110?
0
What is the hundreds digit of 96428857?
8
What is the ten millions digit of 269070967?
6
What is the thousands digit of 25453071?
3
What is the ten millions digit of 192297874?
9
What is the hundred millions digit of 179303161?
1
What is the hundred thousands digit of 1566951639?
9
What is the units digit of 135589256?
6
What is the units digit of 818627?
7
What is the ten thousands digit of 843000301?
0
What is the hundred thousands digit of 529941165?
9
What is the hundred millions digit of 7005712181?
0
What is the thousands digit of 428404010?
4
What is the hundreds digit of 71705834?
8
What is the millions digit of 291688300?
1
What is the billions digit of 1927762211?
1
What is the millions digit of 5236089391?
6
What is the billions digit of 1084174312?
1
What is the hundred thousands digit of 42812622?
8
What is the billions digit of 2417971734?
2
What is the hundred thousands digit of 13195960?
1
What is the hundreds